 4*x - x - 5862 = -3*s. Is x prime?
True
Let j = -5 + 10. Suppose -j*u + 565 = -0*u. Is u a composite number?
False
Let g(z) = -z**2 + 7*z + 8. Suppose 0 = 3*o - 25 + 4. Let r be g(o). Is r/4 + (-110)/(-2) composite?
True
Let j(x) be the second derivative of -7/2*x**2 - x**3 + 0 - x. Is j(-5) composite?
False
Suppose 3*f - 1981 = -4*c - 0*c, 0 = 3*f - 9. Is c composite?
True
Let c = 9 - 7. Suppose 1173 = 5*o - c*x, -2*o + x - 4*x + 473 = 0. Is o composite?
True
Suppose 0*k + 1801 = 5*k - g, 3*k - g - 1079 = 0. Let i = 738 - k. Is i composite?
True
Suppose 4*r = 2*t + 2658 + 6682, r + 4*t = 2317. Is r prime?
True
Let v(l) = l**3 + 16*l**2 + 7*l + 3. Let n be v(-14). Let y = -208 + n. Is y composite?
False
Suppose 7 + 1 = -2*z. Let l(c) = -21*c - 5. Is l(z) a composite number?
False
Suppose 4*c - 2*j = -3*j + 1232, -j = -5*c + 1531. Is c a composite number?
False
Let y = 100 - 43. Let s = 15 + y. Let i = 107 - s. Is i a composite number?
True
Let y(u) = -11*u + 43. Is y(-8) composite?
False
Suppose 2*c + 0*c - 8 = 0. Let k(w) be the third derivative of w**5/15 + w**4/6 - w**3 - 4*w**2. Is k(c) a prime number?
False
Suppose -12 = -6*c + 2*c, 0 = -3*b + 2*c + 3. Suppose b*s = s + 614. Is s prime?
True
Suppose -3*r - 11 = -2*h - 3*h, 0 = h + 2*r + 3. Let p(v) = 22*v**2 - v. Is p(h) composite?
True
Let a(f) = -f**3 + 10*f**2 + 2*f - 13. Let y be a(10). Suppose -2*k - 435 = -y*k. Is k composite?
True
Let r = -14 - -17. Is r*(115 - -3)/2 a prime number?
False
Let p(h) = 141*h**3 + 4*h**2 - 5*h - 5. Suppose -1 = 3*m - 4. Let w(b) = -b**3 + b**2 - b - 1. Let s(l) = m*p(l) - 5*w(l). Is s(1) a prime number?
False
Is 106*(1 - (-4)/(-8)) a prime number?
True
Let i be -124*(45/(-12))/5. Suppose -a + i = 2*a. Is a a prime number?
True
Let c(m) be the third derivative of m**6/120 - m**5/60 + m**4/6 + m**3/2 - 2*m**2. Is c(4) prime?
True
Let s be 0 + 1 - (-15 - -5). Let d = -8 + s. Is 53 - 4*d/6 prime?
False
Let d = -8 + 4. Let i = -1 - d. Suppose -361 = -i*t + 128. Is t composite?
False
Let r(p) = 4*p**2 + 19*p - 6. Is r(-29) a composite number?
True
Let n(r) = -2*r**2 - 3*r + 3. Suppose 12 = -0*z - 3*z. Let b be n(z). Let o = 36 + b. Is o a prime number?
True
Let k = 444 + -317. Is k prime?
True
Suppose 4*w - 5 - 19 = 0. Suppose -w*v = -3*v - 111. Is v a composite number?
False
Let f be 1 + -2 + 1/1. Suppose 3*n + n - 3*y - 16 = 0, -2*n - y + 8 = f. Suppose q + 2*r = 21, n*q + 2*r + 3*r - 75 = 0. Is q a composite number?
True
Suppose -4*t + x + 462 = 0, -3*t - x + 364 - 14 = 0. Suppose -3*w - 2*w - 2*c = -119, -5*w = 3*c - t. Is w a prime number?
False
Let h = -1 - -5. Suppose -97 = -h*n + 219. Is n composite?
False
Is (24/16)/((-3)/(-1270)) composite?
True
Suppose -4*b + 30889 = 3*g, 5*b = -g + 17595 + 21019. Is b a composite number?
False
Let w = -246 + 346. Suppose l = -49 - w. Let k = 226 + l. Is k prime?
False
Suppose 0 = 3*x - u - 3 - 7, 0 = 5*u - 10. Suppose x*r - 3*s - 499 = 0, -5*r - 2*s + 641 = -0*r. Is r a composite number?
False
Let n be 0 + 2 - 3*2. Is ((-2)/n)/((-4)/(-248)) a composite number?
False
Suppose 3*o - 2*t = 0, -3*o - 2*o + 5*t = 0. Suppose o*a + a = 4. Let d(l) = l**3 - 2*l - 3. Is d(a) composite?
False
Suppose 4*y + 2 = 3*n - 4, 0 = 4*n + 3*y + 17. Is -19*(n - -3)/(-1) a prime number?
True
Let t(x) = x. Let q be t(2). Is (7*16)/q - 1 a prime number?
False
Let m(r) = r**3 + 3*r**2 + 3*r + 2. Let t be m(-2). Suppose -f + 5*x + 394 = t, 0*x + 2*x = 4*f - 1666. Is f composite?
False
Let z be (-1 - -2 - 0)/(-1). Let r be (26/3)/(z/(-3)). Let h = 69 + r. Is h a composite number?
True
Suppose -4*z + 741 - 2177 = -4*f, 2*z = -f + 359. Is f prime?
True
Suppose -y = -0 - 4. Suppose 0 = -4*d - y*s + 208, 5*d + 3*s - 2*s = 240. Is d composite?
False
Suppose -5*b = -k + 4 - 17, -4*b + 22 = 5*k. Suppose 3*a = -k*a + 565. Is a a composite number?
False
Let h(j) = j**2 + 11*j + 15. Let n be h(-10). Suppose n*i - 308 - 117 = 0. Is i composite?
True
Let x(s) = 3*s**3 - 6*s**2 - 3*s - 1. Is x(5) composite?
True
Let b(z) = 557*z + 4. Is b(5) composite?
False
Suppose 80 + 160 = 3*h. Let z = -15 + h. Is z a prime number?
False
Let i = 3 - 2. Suppose -i - 24 = -5*a. Is (1 - -1) + -3 + a a prime number?
False
Suppose -11*b + 16527 = -8*b. Is b composite?
True
Suppose -4*t + 7*t + 687 = 0. Let u = t + 85. Let p = u + 223. Is p a composite number?
False
Let z(b) = 5*b**3 - 7*b**2 + 12*b - 5. Is z(6) composite?
True
Let o(y) = 2*y**3 + 3*y**2 - 3*y - 4. Let c be o(-4). Let i = c - -144. Let k = 121 - i. Is k a composite number?
True
Suppose -z + 4*f + 193 = 0, 108 = z + 2*f - 97. Is z a prime number?
False
Let f(z) = 15*z - 16. Is f(7) a prime number?
True
Suppose 3*y - y + 42 = 0. Let i = y - -42. Is i a composite number?
True
Let r(j) = 34*j + 7. Is r(13) composite?
False
Let u = -138 - -397. Is u a prime number?
False
Let s be (-5)/(-10) + 3/2. Let p be -4 + s + 3*26. Suppose -p = -4*n + 4*a, -3*n + 41 = a - 16. Is n a prime number?
True
Let l = -65 + 5. Let n = 97 - l. Is n a composite number?
False
Let y = -11 + 8. Let w be (2 + y)/(2/(-4)). Suppose -w*a - 285 = -7*a. Is a prime?
False
Suppose -3*v + 239 = -4*o - 445, v - 247 = -5*o. Suppose -5*l + v = 77. Suppose 4*p + l = 3*d, 2*p - 7*p = 4*d - 62. Is d a prime number?
True
Suppose -1 - 11 = -3*y. Suppose -y*u = 4*d - 5*u - 3, -3*d + 4*u - 14 = 0. Suppose -5*w - 979 = -4*g, 3*g - d*w - 767 + 24 = 0. Is g a prime number?
True
Let j = -30 - -241. Is j prime?
True
Suppose 0 = 2*b - 35 - 53. Let n = 2 - -3. Suppose -n*u + b = -u. Is u a composite number?
False
Is (0 + 147)*(-13)/(-39) a prime number?
False
Suppose -44 = 5*a - 489. Is a composite?
False
Is 10 + -13 - (-1 + (-1 - 656)) a composite number?
True
Suppose 0 = 3*k + 2*v - 1769, 2*k + v - 1194 = -4*v. Is k composite?
False
Let p be 1/2 + 6/(-12). Suppose 4*k - 991 = 5*y, 0 = -p*k - 3*k + y + 757. Is k composite?
True
Suppose 56 = -n - 2*y + 6*y, y = -2*n - 139. Let z = n - -373. Is z composite?
True
Suppose 5*r = 25, -4*f = -2*f - r + 1. Suppose 3*g = 2*u + 7*g - 2418, -2*g - 3587 = -3*u. Suppose 5*s + 444 = f*x + u, 5 = -x. Is s a composite number?
False
Suppose 13*o - 133 = 12*o. Is o prime?
False
Let z = -56 + 145. Is z prime?
True
Suppose -c = -4*c. Suppose c = -0*y + y - 53. Is y a composite number?
False
Suppose -a - 27 + 190 = 0. Is a a composite number?
False
Let b(v) = 2*v - 26. Let c be b(18). Is 2/c - 409/(-5) prime?
False
Suppose 2*s + 5*y + 28 = -s, -2*s + y = -3. Let o be s*(-6 + 4 + -2). Suppose -5*l = 4*m - 931, -3*l = -o*m - m - 566. Is l a prime number?
False
Let h(c) = -2*c**3 - 2*c**2 + c - 2. Suppose -3*n - 6 = -3*x, 3*x = -n - 0 - 10. Let s be h(x). Let l = 15 - s. Is l composite?
False
Let m be ((-790)/(-8))/(1/4). Suppose a = -0*a + m. Suppose 5*w - a = -0*w. Is w a prime number?
True
Let k(a) = -7*a - 18. Is k(-4) a composite number?
True
Let s(m) = -4*m**2 - 3*m**3 + 8*m + 14*m**2 - 5 + 4*m**3. Let n be s(-9). Suppose -n*d = t - 14, -4*d - 16 = -t - t. Is t composite?
True
Suppose 0 = 5*l + 10, 3*l + 297 = 5*m - 99. Suppose 3*t - m = t. Is t prime?
False
Let p be (-8)/(-24) - (-2)/3. Suppose 9 = -3*u, 5*d + 4*u + 2 = -0*u. Is 76 + (d - 0) - p a prime number?
False
Is (-8)/(-20)*(-5)/6*-261 prime?
False
Suppose 0 = 5*b - 20. Suppose b*o + 3 + 9 = 0. Is (0 - 1)/(o/138) composite?
True
Suppose 0 = 5*v + 10, 6*v + 14 = 4*u + 3*v. Suppose -3*g + 74 = u*x, x = 2*g + 37 - 0. Is x a prime number?
True
Let o(q) = -53*q - 25. Is o(-6) a composite number?
False
Suppose 53 = -2*k + 319. Is k a prime number?
False
Let x(z) = -1 + 1 - 3 - 13*z + 103*z. Is x(2) composite?
True
Suppose 15 = 3*f, 0*f + 5*f - 257 = 4*c. Suppose 3*v + k + 106 = 0, 4*v + 142 = -2*k - 0*k. Let z = v - c. Is z composite?
False
Suppose -2*g - g = -51. Suppose l - 4 = -l. Suppose 0 = -l*j + 13 + g. Is j prime?
False
Let s(t) = -83*t + 2. Let d be s(-3). Let i = d - 168. Is i a composite number?
False
Let w(f) = f**3 - 7*f**2 + 7*f - 6. Let x be w(6). Suppose 5*z = 4*q + 74, -z + x*q + 17 = -3*q. Let u = z + 21. Is u composite?
True
Let l be 3/(9/(-6) - -3). Suppose -l*c = -6*c + 16. Is c a prime number?
False
Suppose -2*n + 34 = 4. Suppose -d = -4*t + 647, 4*d = d + n. Is t prime?
True
Suppose -5*n + 14444 = -n + 4*y, -4*y + 7218 = 2*n. Is n a composite num